at is 11b2cc5 (base 13) in base 10?
5518856
Convert -3651923 (base 12) to base 6.
-1014142043
Convert 6d979 (base 16) to base 10.
448889
What is -11010111001111010111 (base 2) in base 9?
-1583321
-84457 (base 10) to base 12
-40a61
What is 843965 (base 12) in base 2?
111111011110110011101
Convert 22497a1 (base 12) to base 2.
11001000011110100101001
What is 1011122022022 (base 3) in base 13?
18a61c
What is 11100011001100 (base 2) in base 5?
431130
Convert 10102221200200 (base 3) to base 11.
103a641
What is 13006255 (base 7) in base 13?
323662
Convert d62933 (base 14) to base 2.
11011100101000001000001
-2318661 (base 9) to base 13
-34b3ca
What is b51da8 (base 14) in base 5?
3031113314
146643 (base 8) to base 14
15283
101110101100111110 (base 2) to base 3
100201101222
What is -26165022 (base 7) in base 11?
-138a642
What is -146be2 (base 16) in base 11?
-834571
What is 103013311 (base 4) in base 12?
393b1
What is 22122112212 (base 3) in base 2?
101001100100010010
What is 930602 (base 11) in base 7?
15462002
What is -1001111111001110011100 (base 2) in base 3?
-11221000120220
-28652 (base 15) to base 11
-89479
-179283 (base 15) to base 6
-40311310
-150430554 (base 6) to base 9
-5766257
Convert 1098150 (base 13) to base 2.
10011011101100001100100
-210122002100012 (base 3) to base 12
-3a25142
What is 2ee01e (base 15) in base 3?
11021120102002
-55ab9 (base 12) to base 15
-23b36
14225410 (base 7) to base 4
11011303021
What is 74075 (base 8) in base 4?
13200331
-9a979 (base 16) to base 3
-1012011121012
What is -1252cf (base 16) in base 10?
-1200847
Convert aa887b (base 12) to base 8.
12256337
Convert -84887b (base 15) to base 10.
-6306416
-1242745 (base 12) to base 4
-31213312211
What is -2740123 (base 10) in base 3?
-12011012202001
What is 1366805 (base 9) in base 14?
1585a5
Convert 12201110122 (base 4) to base 15.
23b70d
Convert 383942 (base 10) to base 12.
166232
fbe4f (base 16) to base 15
155a8e
What is 4563151 (base 7) in base 14?
10bad1
-202230321 (base 4) to base 10
-142137
What is 54942 (base 15) in base 16?
419a8
What is -21010655 (base 8) in base 5?
-2120222343
-222954 (base 11) to base 4
-1112231322
Convert 49a67a (base 14) to base 10.
2525764
1121012211 (base 3) to base 4
13230100
What is 141432331 (base 6) in base 3?
12102101202201
What is -563682 (base 10) in base 2?
-10001001100111100010
-1848874 (base 9) to base 13
-2a3ab4
121112110100 (base 3) to base 9
545410
1535 (base 10) to base 9
2085
Convert -823448 (base 9) to base 6.
-14243325
-4726d0 (base 15) to base 13
-920847
-40222413 (base 5) to base 8
-1161546
What is -13103332 (base 4) in base 16?
-74fe
Convert -5094b (base 14) to base 13.
-6a353
Convert -360792 (base 10) to base 7.
-3031605
What is -144455223 (base 6) in base 14?
-58a447
-6021413 (base 7) to base 15
-e0b15
Convert -39fad (base 16) to base 14.
-62793
Convert -374aa7 (base 12) to base 13.
-256927
What is -11100001110111101 (base 2) in base 8?
-341675
-68461 (base 14) to base 7
-2103351
332365 (base 9) to base 2
110000011110111110
Convert a69b7 (base 16) to base 4.
2212212313
-35005210 (base 6) to base 5
-233333441
What is 10010010001110011 (base 2) in base 9?
123625
What is 421432 (base 5) in base 4?
3122220
Convert -10012222112 (base 4) to base 11.
-675347
Convert 2cfded (base 16) to base 9.
5483630
Convert -41235316 (base 7) to base 12.
-11a7181
-32212103 (base 4) to base 6
-1140455
What is -241110203 (base 6) in base 2?
-10001010011000111111011
What is 417700 (base 8) in base 10?
139200
Convert -296d8 (base 15) to base 16.
-2083a
-2022111233 (base 4) to base 7
-4550003
Convert 158 (base 11) to base 6.
504
Convert 558dd2 (base 14) to base 9.
5418110
What is -11002222222 (base 3) in base 6?
-1422342
Convert 12222010002 (base 3) to base 4.
130223030
4721547 (base 8) to base 12
520973
Convert -438869 (base 14) to base 12.
-9253a5
What is 4582a (base 13) in base 11?
87147
Convert 2120101100222 (base 3) to base 12.
55a3b2
Convert -2540442 (base 6) to base 11.
-94382
Convert -111321131 (base 4) to base 5.
-10332233
-1963861 (base 10) to base 3
-10200202220121
133011032 (base 7) to base 16
831728
Convert 21665341 (base 7) to base 2.
111001011011100010010
What is 4dcc6a (base 15) in base 9?
7027751
What is 1107597 (base 11) in base 12?
798268
Convert 110000011110011101 (base 2) to base 10.
198557
Convert 122220202 (base 7) to base 3.
112110110210121
Convert -74a25 (base 13) to base 7.
-1534342
Convert -9f8d77 (base 16) to base 4.
-213320311313
339b55 (base 13) to base 15
191cc9
-1034577 (base 13) to base 14
-921b55
Convert 14470a (base 13) to base 16.
78f9e
What is -5749153 (base 10) in base 14?
-a9925b
760044 (base 10) to base 13
207c3c
-1102211200201 (base 3) to base 16
-baa51
What is -131156 (base 8) in base 9?
-68583
Convert 20303021021 (base 4) to base 5.
1042303013
What is -3475667 (base 8) in base 5?
-220333200
Convert 27bf25 (base 16) to base 9.
4810143
Convert -1293a62 (base 11) to base 16.
-2209af
Convert -423a7 (base 11) to base 12.
-2b862
What is -2212022121110 (base 3) in base 15?
-200dcc
-cc876 (base 13) to base 6
-11535253
Convert -a4b25 (base 12) to base 16.
-34b4d
Convert -253453 (base 6) to base 9.
-34316
112101222101 (base 3) to base 11
184056
Convert -1102201001 (base 3) to base 2.
-110111000111000
Convert -1212120221201 (base 3) to base 16.
-f31c3
26570 (base 8) to base 16
2d78
Convert 3bcce (base 15) to base 14.
4dd0a
-224321321 (base 5) to base 2
-11110110110010010100
-3424163 (base 7) to base 3
-210122222012
What is -853b14 (base 12) in base 13?
-587488
What is -4920777 (base 10) in base 2?
-10010110001010111001001
Convert -11222000222 (base 3) to base 11.
-6745a
1a27a (base 16) to base 13
399ba
What is 515132 (base 8) in base 12?
82876
What is -1124210230 (base 5) in base 7?
-30561036
1033132333 (base 4) to base 14
8690b
What is -9c2d1a (base 14) in base 9?
-10882188
-12088 (base 10) to base 2
-10111100111000
What is -42646225 (base 7) in base 5?
-1413021331
Convert -424431 (base 6) to base 15.
-a44d
-84443 (base 15) to base 5
-101410323
-a6be (base 16) to base 8
-123276
Convert 5633546 (base 7) to base 11.
437130
What is -705424 (base 8) in base 6?
-4551020
-140379b (base 12) to base 13
-a98053
Convert -10000001000101011010110 (base 2) to base 10.
-4229846
-131332 (base 8) to base 16
-b2da
What is 316b (base 14) in base 6?
103243
What is -10202011000 (base 3) in base 15?
-16cac
Convert -102881 (base 10) to base 7.
-605642
Convert 5341410 (base 7) to base 2.
10011110011001110000
What is 24340110 (base 7) in base 12?
890343
22121011003 (base 4) to base 8
12310503
Convert -2212b (base 14) to base 4.
-110021323
-c68a20 (base 14) to base 8
-31456144
What is -10010100100010011111100 (base 2) in base 3?
-100011021201021
-10110121 (base 4) to base 9
-26234
What is 123131 (base 12) in base 2?
1001000001011110101
35831 (base 15) to base 2
101001101001100100
8792830 (base 10) to base 15
b8a43a
-25620355 (base 7) to base 11
-1359a4a
Convert -10210020010 (base 3) to base 14.
-1d231
-28728 (base 15) to base 2
-11111101101000111
Convert -1b7033 (base 12) to base 9.
-824773
-10300021 (base 5) to base 16
-155d7
Convert -137414 (base 13) to base 15.
-95268
Convert -2222001112222 (base 3) to base 8.
-6005535
Convert -31202131 (base 4) to base 13.
-1c318
What is 432510 (base 6) in base 15?
a840
350433 (base 7) to base 8
172266
514438 (base 9) to base 2
1001010011110111001
-543085 (base 9) to base 4
-1033002221
Convert 93b0e (base 15) to base 7.
3660062
Convert 110212000 (base 4) to base 9.
137634
Convert 2100271 (base 8) to base 12.
22a589
bb5a7 (base 14) to base 16
6ecff
What is -12216453 (base 7) in base 3?
-2001202000010
Convert -1597b4 (base 15) to base 11.
-653924
What is -44240 (base 11) in base 13?
-23296
Convert 22155315 (base 9) to base 15.
e1c9bb
21b12b0 (base 13) to base 12
3568994
223120013002 (base 4) to base 16
ad81c2
What is -65660 (base 15) in base 9?
-540710
What is 3521c (base 14) in base 3?
20120111002
-788216 (base 11) to base 8
-4623740
What is -20526506 (base 7) in base 6?
-101131212
Convert -4325073 (base 8) to base 16.
-11aa3b
-1b27e (base 15) to base 2
-10101100011111111
What is 78a44 (base 11) in base 9?
183823
Convert -45240562 (base 7) to base 14.
-742a32
32334342 (base 6) to base 2
11101010